401. What is the remainder when 78 is divided by v?
33
Let g(u) = 0*u + 25 - 5 - u. Let l(s) = s**3 + 46*s**2 + 5*s + 216. Let v be l(-46). Calculate the remainder when g(v) is divided by 19.
15
Let r = 110 - -64. What is the remainder when r is divided by 46?
36
Let c = -3 - 1. What is the remainder when -1 - c - 2*2/(-4) is divided by (0 + -1)/((-2)/6)?
1
Let p = 3 + 0. Let l be (p - 3 - -2)/2. What is the remainder when 41 is divided by (22/(-4))/(l/(-4))?
19
Let o = 305 - 278. What is the remainder when 80 is divided by o?
26
What is the remainder when 116 is divided by 5/3 - 884/(-204)?
2
Suppose 0 = -4*k + 14 - 2. Suppose -k*m - 3*m = -24. Suppose 3*o - 125 = 5*u, -3*o + 93 = m*u - u. What is the remainder when o is divided by 10?
5
Calculate the remainder when 92 is divided by (-2)/((-30)/195)*(1 - 0).
1
Let z(j) = 2*j**2 - j + 50. Calculate the remainder when z(-13) is divided by 67.
66
Calculate the remainder when ((-550)/(-70) + -7)*1659 is divided by 16.
14
Let m(b) = -b - 1. Let u be m(-4). Let v = 27 - 4. What is the remainder when v is divided by (-92)/(-12) - (-1)/u?
7
Let r(k) = 26*k. Suppose 4*m - 37 = -33. What is the remainder when 154 is divided by r(m)?
24
Let f = -533 + 587. What is the remainder when 861 is divided by f?
51
Suppose 2*x - 8 = 0, -2*v + 4*x + 433 + 159 = 0. Suppose 2*i = 6*i - v. Suppose -2*c - 2*c = -i. Calculate the remainder when c is divided by 5.
4
Let i(u) = -u**3 - u**2 + 3*u - 1. Let t be i(1). Calculate the remainder when 51 is divided by 2/(-4)*-6 - (-8 + t).
7
Suppose -5*n = -1313 + 93. Suppose -9*q + 13*q = n. Calculate the remainder when q is divided by 13.
9
Let s(j) = -14 + 2 - 10*j - 6 - 3. What is the remainder when s(-6) is divided by (1 + -1 + 2)*7?
11
Let n = 528 - 198. Suppose -4*y - 2*y = -n. Suppose -5*a = -4*h + 56, 5*h + 0*a + 4*a = 111. Calculate the remainder when y is divided by h.
17
Let u be 2/14 + (-10968)/(-56). Suppose -5*d + 4*y = -289 - 201, 2*d - u = -5*y. Calculate the remainder when d is divided by 20.
18
Let l be -115 - 6/(-18)*0. Let y = l - -234. Calculate the remainder when y is divided by 8.
7
Suppose 0*j - 6*j = -42. Suppose 0 = -5*t - 2*o + 26, 10 = 2*t + o - 0*o. Calculate the remainder when (t/(-2))/(2/(-18)) is divided by j.
6
Suppose -147 = -6*y + 81. What is the remainder when y is divided by 9?
2
Suppose 5535 + 5594 = 31*s. What is the remainder when s is divided by 10?
9
Let w = -80 + 129. Suppose -c - 45 = -w. What is the remainder when 4 is divided by c?
0
Let h(p) = -p - 3. Let v = -124 + 70. Calculate the remainder when 36/v - (-28)/6 is divided by h(-6).
1
Suppose 4*g - 15*g + 605 = 0. Suppose -g = -5*u - 20. Calculate the remainder when 30 is divided by u.
2
Let h(m) = m**3 - 18*m**2 + 16*m + 23. Let l be -51*((-8)/12)/2. Calculate the remainder when 21 is divided by h(l).
3
Let v(o) = o**2 + 11*o - 15. Let h be (-43)/(-9) - 4/(-18). Suppose -u = w - 50, h*w - 157 = 2*w + 4*u. Calculate the remainder when w is divided by v(3).
24
Let q be 4/(-6)*141 + 2. Let a(u) = -u**3 - 6*u**2 - 3*u - 9. Calculate the remainder when (q/20)/((-1)/5) is divided by a(-6).
5
Let k(x) be the second derivative of x**4/6 + 17*x**3/6 + 7*x**2/2 + 3*x. Let i be k(-8). Let z = 11 + i. Calculate the remainder when z is divided by 4.
2
Suppose -8*l - 317 = -11*l - u, 0 = 5*l - 3*u - 547. What is the remainder when l is divided by 0/(-1) - (3 + -58)?
52
Let n(k) = -17*k + 123. Calculate the remainder when 58 is divided by n(6).
16
Let i be (-1)/2 + 26/(-4). Let z(a) = -a**2 - 15*a - 13. What is the remainder when z(i) is divided by 11?
10
Suppose -2*t = t - 6. Suppose 70 = 2*d - t*g, -3*g - 32 = -5*d + 153. What is the remainder when d is divided by (189/(-36))/((-4)/16)?
19
Suppose 4*g = -g + 35. Let i(a) = 6*a**2 - a - 2. Let o be i(4). Suppose 34*p = 29*p + o. What is the remainder when p is divided by g?
4
Calculate the remainder when 5 + (15/(45/156) - -5) is divided by 35.
27
Let o = 8 - -20. Let n = o - 48. Calculate the remainder when 118 is divided by n/3*9/(-2).
28
Let h(s) = -8*s**2 - 64*s - 2. Calculate the remainder when h(-6) is divided by 23.
2
What is the remainder when (1518 - 0) + -114 + 106 is divided by 63?
61
Suppose 3*l = 2*o - 8, 3*o + 3*l = 33 + 9. Calculate the remainder when 897 is divided by o.
7
Suppose 16 = 6*r - 2*r, 3*r + 10 = u. What is the remainder when 106 is divided by u?
18
Suppose -5*n = 0, 2*j + n = -0*j. Suppose 30*s - 36*s + 36 = j. Calculate the remainder when 40 is divided by s.
4
Let y(g) = 8*g + 8. Let r be y(-7). Let z = -19 - r. Let j = -5 + 15. What is the remainder when z is divided by j?
9
Suppose 4*n - 60 = -n. Suppose 0 = -9*j + 103 + 77. What is the remainder when j is divided by n?
8
Let x(y) = y**3 - y**2 - y - 1. Let h(v) = -4*v**3 + 8*v**2 + 5*v + 1. Let n(b) = -h(b) - 6*x(b). Calculate the remainder when 2 + -2*-2*9 is divided by n(-2).
5
Let m = -416 + 507. Calculate the remainder when m is divided by 37.
17
Let o(n) = 18*n - 268. Calculate the remainder when 98 is divided by o(16).
18
Let j(y) = -1. Let n(p) = 5*p - 4*p + 0*p + p + 19. Let z(l) = 6*j(l) + n(l). Calculate the remainder when 105 is divided by z(7).
24
Suppose -20*m + 252 = -8*m. Suppose -6*i = -i - 20. Suppose -78 - i = -r. What is the remainder when r is divided by m?
19
Suppose -5*w + 29 = -71. What is the remainder when 178 is divided by w?
18
Suppose -60 = 5*y - 9*y. Let n(k) = 5*k - 7*k**3 + 13*k**3 + 3 - 7*k**3 - k - k**2. What is the remainder when y is divided by n(-3)?
6
Let t(n) = -n**3 + 8*n**2 + 2*n + 38. What is the remainder when 105 is divided by t(8)?
51
Let r = 1325 - 1003. Calculate the remainder when r is divided by 2.
0
Let v(q) = q**2 + 4*q + 3. Let p be v(-4). Let o(h) = -9*h + 0*h + 3*h - 6*h - p. Calculate the remainder when 83 is divided by o(-2).
20
Suppose 18 = -23*d + 29*d. Suppose -1 - 5 = -2*g, 3*x - 39 = -3*g. What is the remainder when x is divided by d?
1
Let k be (-6)/(16/(-6) - (0 + -2)). Suppose -k*o - 17 = -80. Suppose 0 = -2*v - 6 + 30. What is the remainder when v is divided by o?
5
Let j(k) = k**3 - 6*k**2 + 2*k - 64. What is the remainder when j(8) is divided by 21?
17
Let t(c) = 35 - 72*c - 78*c + 151*c. Calculate the remainder when (-4)/6 + 98/3 is divided by t(-18).
15
Let l be (-5)/(-2)*32/(-20). Calculate the remainder when ((-177)/12 - 4)*l is divided by 26.
23
Let k = -627 - -702. What is the remainder when 284 is divided by k?
59
Suppose -2*i - 3*z - 2*z + 16 = 0, -3*i + 35 = 2*z. Suppose -14*a = -i*a. Suppose a = -k + 22 - 3. Calculate the remainder when k is divided by 10.
9
Suppose -3*w + 2*k + 4 = 7*k, -4*w = -3*k - 15. What is the remainder when 52 is divided by w?
1
Let i = 386 - 288. Calculate the remainder when i is divided by 20.
18
Suppose -2*r + 103 = 2*m + r, -2*r - 62 = -m. Let k = m + -28. Calculate the remainder when k is divided by 17.
11
Suppose 0 = 28*l - 27*l - 58. What is the remainder when l is divided by 30?
28
Let z(y) = -y**3 - 6*y**2 - 8*y - 6. Let d be z(-4). What is the remainder when d/8*10*-6 is divided by 18?
9
Let r(l) = l**3 + 16*l**2 - 15*l + 95. Calculate the remainder when r(-17) is divided by 5.
1
Let p be (-15)/(-3)*(-10)/(-25). Suppose -3*i = -p*x + 8, 5*x - 23 = -3. Suppose i = -3*l - 63 + 180. Calculate the remainder when l is divided by 14.
11
Suppose 0 = -t + l, 0 = 3*t - 0*l - l - 6. Suppose 2*y = -t*y + 140. Let i = -12 + y. Calculate the remainder when 31 is divided by i.
15
Suppose 13*r - 5*i = 14*r - 22, -r + 5*i = -22. Calculate the remainder when 22 is divided by r.
0
Let p = 2 - 1. Suppose p = 3*s - 2*x - 15, -6 = -s + x. Suppose 2*i - 89 = w, -52 - 76 = -3*i - s*w. Calculate the remainder when i is divided by 23.
21
Let n be (-4 + 7)/((-4)/12). Suppose -2*t + 147 = t. Calculate the remainder when t is divided by (-154)/n - (-19)/(-171).
15
Let g(i) = -i**2 + 11*i - 2. Let d(c) = 12*c - 43. Calculate the remainder when g(5) is divided by d(4).
3
Suppose 3*z = z - 4. Let y(v) = v + 2. Let f be y(z). Suppose f*x = -x + 99. What is the remainder when x is divided by 25?
24
Let j(x) = -1 + 0 + 0 + 7*x - x**2 + 0*x. What is the remainder when 34 is divided by j(5)?
7
Suppose 7*t - 4 = 5*t. Suppose -211 = -3*g + 5*q, t = 5*q + 27. Calculate the remainder w